osite number?
False
Is 1957923322 a prime number?
False
Is 16737706739 a composite number?
True
Is 3067862723 a prime number?
True
Is 901109 a composite number?
True
Is 3683129657 prime?
True
Is 1109372449 a composite number?
True
Is 1502144989 a composite number?
True
Is 272942659 a prime number?
False
Is 6166662253 composite?
False
Is 76731524341 a composite number?
True
Is 71679367 prime?
True
Is 4353983131 a prime number?
True
Is 2015120213 composite?
False
Is 491132353 a prime number?
True
Is 898112599 a composite number?
False
Is 15409246547 a prime number?
True
Is 2957377 a composite number?
False
Is 361261753 a composite number?
False
Is 91877901121 prime?
True
Is 730553771 a composite number?
False
Is 28160803799 prime?
True
Is 37533863 a prime number?
True
Is 6457359313 a prime number?
True
Is 34586350037 composite?
False
Is 3606416763 composite?
True
Is 276884681 composite?
False
Is 7127197739 prime?
True
Is 262240481 composite?
False
Is 131244149 prime?
False
Is 1094581447 a composite number?
True
Is 43112372179 a prime number?
True
Is 662464399 composite?
False
Is 76519063937 a composite number?
True
Is 1449986717 a composite number?
False
Is 19223765533 composite?
True
Is 3331198001 prime?
True
Is 87143881 a prime number?
False
Is 1547657389 a composite number?
True
Is 4025648031 a composite number?
True
Is 449618821 a composite number?
True
Is 5918810642 a prime number?
False
Is 2166553859 a prime number?
False
Is 64100444407 prime?
True
Is 2732138087 composite?
True
Is 4951999571 a prime number?
False
Is 132327506893 a composite number?
True
Is 17309585983 prime?
False
Is 1136495593 a composite number?
False
Is 7470232417 a prime number?
False
Is 3142963031 prime?
False
Is 34694093801 composite?
True
Is 1340449177 prime?
False
Is 8827097831 a prime number?
True
Is 77465477858 composite?
True
Is 7869431 prime?
True
Is 408467489 prime?
True
Is 3825652889 a prime number?
True
Is 85469123 a prime number?
True
Is 20002274609 composite?
False
Is 71232953791 a prime number?
False
Is 45999435947 a composite number?
False
Is 184992213697 a prime number?
True
Is 1808742085 a prime number?
False
Is 34470931 composite?
True
Is 459731191 a composite number?
True
Is 1519197711 prime?
False
Is 45746949341 a prime number?
True
Is 21010872889 prime?
False
Is 208533023 a prime number?
False
Is 415288519 a composite number?
True
Is 15708109621 composite?
False
Is 87845677 prime?
False
Is 129913039 composite?
True
Is 82011027809 a prime number?
True
Is 3690987359 a composite number?
False
Is 959468098 composite?
True
Is 11185301681 a composite number?
False
Is 109259577409 a composite number?
False
Is 1486841183 a composite number?
False
Is 1064173477 a composite number?
False
Is 632783017 a composite number?
True
Is 120391717 composite?
True
Is 40400039 a prime number?
False
Is 726075529 composite?
False
Is 2849795041 a composite number?
True
Is 2155244867 composite?
False
Is 1794239669 a prime number?
False
Is 381345557 prime?
True
Is 2679326351 a prime number?
False
Is 7332609773 prime?
False
Is 426158653 a prime number?
True
Is 5326515367 prime?
True
Is 3076582043 a prime number?
True
Is 206928002 a composite number?
True
Is 35031309463 prime?
False
Is 3531256979 a prime number?
False
Is 965305813 prime?
True
Is 438766759 a composite number?
False
Is 993117131 prime?
True
Is 115198621 a prime number?
False
Is 2198130317 composite?
False
Is 56709036707 a prime number?
False
Is 8619305767 prime?
True
Is 5124406379 a prime number?
True
Is 1844078681 composite?
False
Is 5781904273 a prime number?
False
Is 316926509 a prime number?
True
Is 2136338293 a composite number?
False
Is 287485711 prime?
True
Is 52309479341 a composite number?
True
Is 82313916899 prime?
True
Is 2026990541 composite?
False
Is 340998323 a prime number?
True
Is 64297510087 composite?
False
Is 36100532723 a prime number?
True
Is 141965179297 composite?
False
Is 107541419 a composite number?
False
Is 38214325379 prime?
True
Is 18130454819 composite?
False
Is 14413932661 a prime number?
True
Is 794497009 a prime number?
False
Is 3619155629 a prime number?
False
Is 985755181 composite?
True
Is 14809481767 a prime number?
False
Is 14962671113 composite?
True
Is 2577772829 a composite number?
False
Is 1734505567 a composite number?
False
Is 741509614 composite?
True
Is 20625147239 a composite number?
False
Is 69055485061 a composite number?
True
Is 3360286477 a composite number?
True
Is 85264919 composite?
True
Is 5811064813 a composite number?
True
Is 3624640147 composite?
False
Is 349204153 a prime number?
False
Is 33887707403 a composite number?
True
Is 1285323773 a prime number?
False
Is 1731979129 composite?
True
Is 177456577 a prime number?
False
Is 683873393 a composite number?
True
Is 266316097 a prime number?
True
Is 1795318139 composite?
True
Is 972627583 composite?
True
Is 1142086801 a composite number?
False
Is 3219560915 composite?
True
Is 89170177 prime?
True
Is 1179036791 a composite number?
True
Is 1043271739 a composite number?
True
Is 463525193 composite?
False
Is 149366597 prime?
True
Is 119378479727 a composite number?
True
Is 182510239 prime?
False
Is 1309038847 a composite number?
True
Is 108479783 prime?
False
Is 34833405379 a prime number?
True
Is 26167495843 prime?
True
Is 680266901 a prime number?
True
Is 65256283 composite?
True
Is 526673111 a prime number?
True
Is 3987313133 a prime number?
False
Is 3833984813 a composite number?
False
Is 2189849591 a prime number?
True
Is 16409590573 a composite number?
True
Is 9773829301 composite?
False
Is 2007200677 a composite number?
False
Is 1464085681 composite?
True
Is 26000324729 a composite number?
True
Is 1433680489 prime?
False
Is 3670727009 a prime number?
False
Is 7875237983 a composite number?
False
Is 295527389 prime?
False
Is 2316610201 a prime number?
True
Is 5208263719 a composite number?
False
Is 1297788343 a composite number?
False
Is 18790107901 composite?
True
Is 28288279501 composite?
True
Is 213158987 prime?
True
Is 79550033833 composite?
True
Is 637998799 prime?
True
Is 78060443 composite?
False
Is 529952707 a composite number?
False
Is 1906520351 composite?
True
Is 11993107583 a prime number?
False
Is 3758379437 composite?
True
Is 856503377 prime?
True
Is 73283634499 a prime number?
False
Is 14926888351 prime?
True
Is 1277027561 a composite number?
False
Is 28556871823 a composite number?
False
Is 3572875207 composite?
True
Is 46318503529 composite?
True
Is 33849614713 a composite number?
True
Is 1515676495 prime?
False
Is 309868409 composite?
False
Is 1326682517 composite?
True
Is 3313032649 composite?
True
Is 5200334657 composite?
True
Is 226950313 prime?
False
Is 23097730961 composite?
False
Is 5463605093 a prime number?
False
Is 5304605237 a prime number?
True
Is 42316653637 composite?
True
Is 6583932961 a prime number?
False
Is 6408399617 a prime number?
True
Is 981978713 a prime number?
False
Is 133751491 composite?
True
Is 1158875897 a composite number?
False
Is 1024418159 prime?
True
Is 528697891 a prime number?
True
Is 146055853 a composite number?
True
Is 22860487031 a composite number?
False
Is 3195403501 a composite number?
True
Is 23568584821 a prime number?
True
Is 69819431 a prime number?
False
Is 21548869 a prime number?
False
Is 1257778421 a composite number?
True
Is 1212315803 a prime number?
True
Is 10728085 composite?
True
Is 8183599267 a composite number?
False
Is 27020198099 a prime number?
True
Is 343745351 a composite number?
True
Is 153646347733 a prime number?
False
Is 483236617 a prime number?
False
Is 375822697 composite?
False
Is 1425558779 prime?
False
Is 9069870937 composite?
False
Is 129157759 a composite number?
True
Is 4582164113 a prime number?
True
Is 7023220333 composite?
False
Is 30455231207 prime?
True
Is 5122395227 a composite number?
False
Is 565737911 a prime number?
False
Is 1002338081 a composite number?
False
Is 7119633211 a prime number?
False
Is 12591962297 prime?
True
Is 26240362249 a composite number?
False
Is 133070309 prime?
True
Is 214768978187 composite?
False
Is 610217497 a composite number?
True
Is 1294622227 composite?
True
Is 6669568223 a composite number?
True
Is 572573563 a composite number?
False
Is 12814448489 composite?
True
Is 